{"id":9057,"date":"2020-06-26T22:12:03","date_gmt":"2020-06-26T20:12:03","guid":{"rendered":"https:\/\/www.dojrzewalnia.pl\/wirtualna-dojrzewalnia\/?post_type=product&#038;p=9057"},"modified":"2025-06-30T20:38:37","modified_gmt":"2025-06-30T18:38:37","slug":"21-dni-inspiracji","status":"publish","type":"product","link":"https:\/\/www.dojrzewalnia.pl\/wirtualna-dojrzewalnia\/produkt\/21-dni-inspiracji\/","title":{"rendered":"21 Dni Inspiracji"},"content":{"rendered":"<p><strong>Chcia\u0142abym podzieli\u0107 si\u0119 z Tob\u0105 tym wszystkim, co daje mi si\u0142\u0119, uczy jak pozby\u0107 si\u0119 l\u0119ku, zaufa\u0107 sobie, odblokowa\u0107 kreatywno\u015b\u0107, cieszy\u0107 si\u0119 codzienno\u015bci\u0105, budowa\u0107 pozytywn\u0105 wizj\u0119, do\u015bwiadcza\u0107 ma\u0142ych i wi\u0119kszych cud\u00f3w i samej je czyni\u0107. Zapraszam z rado\u015bci\u0105 na 21 Dni Inspiracji jak uczyni\u0107 swoje \u017cycie pe\u0142nym cud\u00f3w, ol\u015bnie\u0144 i pozytywnych zmian.\u00a0<\/strong><\/p>\n<div>\n<div><\/div>\n<div>W ci\u0105gu tych 21 dni\u00a0opowiem Ci o:<\/div>\n<div>\n<ul>\n<li><strong>arugamamie<\/strong>, czyli o g\u0142\u0119bokim akceptowaniu tego, co jest,<\/li>\n<li><strong>medytacji<\/strong>, kt\u00f3ra dla mnie wreszcie <strong>dzia\u0142a<\/strong>,<\/li>\n<li>tym, czym tak naprawd\u0119 jest <strong>l\u0119k<\/strong> i <strong>ataki paniki<\/strong>,<\/li>\n<li><strong>Divine Timing<\/strong>,<\/li>\n<li><strong>byciu\u00a0bonsai<\/strong> versus byciu sekwoj\u0105,<\/li>\n<li>sposobie <strong>oddechu<\/strong>, kt\u00f3ry momentalnie wycisza,<\/li>\n<li>cudownej ksi\u0105\u017cce Jeffa Fostera <strong>&#8220;Tak! Kochaj to, co jest&#8221;<\/strong>,<\/li>\n<li>byciu sw\u0105 <strong>w\u0142asn\u0105 cheerliderk\u0105<\/strong>,<\/li>\n<li><strong>afirmacjach<\/strong> na sterydach,<\/li>\n<li>tym, jak zdanie <strong>&#8220;Jestem odpowiedzialna&#8221;<\/strong> mo\u017ce wszystko zmieni\u0107,<\/li>\n<li>tym, jak patrze\u0107 na <strong>trudne sytuacje<\/strong> jako na zaproszenie do \u017cycia,<\/li>\n<li>tym jak <strong>przesta\u0107 si\u0119 zamartwia\u0107<\/strong>,<\/li>\n<li>tym, \u017ce jeste\u015b <strong>wystarczaj\u0105co dobra<\/strong>,<\/li>\n<li><strong>celebrowaniu<\/strong> \u017cycia,<\/li>\n<li>tym, \u017ce nie wnosz\u0105c do \u015bwiata\u00a0swojego <strong>unikalnego daru\/talentu<\/strong>, okradasz innych,<\/li>\n<li>i jeszcze o wielu wi\u0119cej rzeczach, z kt\u00f3rych, mam ogromn\u0105 nadziej\u0119, przynajmniej niekt\u00f3re stan\u0105 si\u0119 dla Ciebie inspiracj\u0105, aby <strong>wdra\u017ca\u0107 cuda<\/strong>, o jakich marzysz w swoim \u017cyciu.<\/li>\n<\/ul>\n<p>&#8212;&#8212;&#8212;&#8212;&#8212;&#8212;&#8212;&#8212;&#8212;<\/p>\n<p><strong>UWAGA:<\/strong>\u00a0Kurs\u00a0obejmuje\u00a0<strong>21<\/strong><strong>\u00a0odcink\u00f3w<\/strong>.\u00a0Dost\u0119p do kursu jest wa\u017cny przez\u00a0<strong>rok<\/strong>. Kurs\u00a0przeznaczony jest do\u00a0<strong>samodzielnej pracy<\/strong> we w\u0142asnym tempie, nie ma mo\u017cliwo\u015bci kontaktu z autork\u0105.\u00a0<strong>Tre\u015bci<\/strong> <strong>kursu\u00a0<\/strong>nie b\u0119d\u0105 wysy\u0142ane mailem.\u00a0Ca\u0142o\u015b\u0107 kursu jest dost\u0119pna na platformie. Masz do niej dost\u0119p w dowolnym czasie i z dowolnego komputera\/telefonu. Wymaga to posiadania konta na platformie (utworzy si\u0119 samodzielnie przy sk\u0142adaniu zam\u00f3wienia) i zalogowania si\u0119.<\/p>\n<p>Po z\u0142o\u017ceniu zam\u00f3wienia,\u00a0<strong>link do kursu\u00a0<\/strong>b\u0119dzie dost\u0119pny w mailu potwierdzaj\u0105cym oraz na stronie\u00a0<a href=\"https:\/\/www.dojrzewalnia.pl\/wirtualna-dojrzewalnia\/moje-konto\/\"><strong>Moje konto<\/strong><\/a>\u00a0po zalogowaniu si\u0119.<\/p>\n<\/div>\n<\/div>\n","protected":false},"excerpt":{"rendered":"<p>Chcia\u0142abym podzieli\u0107 si\u0119 z Tob\u0105 tym wszystkim, co daje mi si\u0142\u0119, uczy jak pozby\u0107 si\u0119 l\u0119ku, zaufa\u0107 sobie, odblokowa\u0107 kreatywno\u015b\u0107, cieszy\u0107 si\u0119 codzienno\u015bci\u0105, budowa\u0107 pozytywn\u0105 wizj\u0119, do\u015bwiadcza\u0107 ma\u0142ych i wi\u0119kszych cud\u00f3w i samej je czyni\u0107. Zapraszam z rado\u015bci\u0105 na 21 Dni Inspiracji jak uczyni\u0107 swoje \u017cycie pe\u0142nym cud\u00f3w, ol\u015bnie\u0144 i pozytywnych zmian.\u00a0 W ci\u0105gu tych [&hellip;]<\/p>\n","protected":false},"featured_media":9058,"comment_status":"closed","ping_status":"closed","template":"","meta":{"pmpro_default_level":"","_monsterinsights_skip_tracking":false,"_monsterinsights_sitenote_active":false,"_monsterinsights_sitenote_note":"","_monsterinsights_sitenote_category":0,"site-sidebar-layout":"default","site-content-layout":"default","ast-site-content-layout":"","site-content-style":"default","site-sidebar-style":"default","ast-global-header-display":"","ast-banner-title-visibility":"","ast-main-header-display":"","ast-hfb-above-header-display":"","ast-hfb-below-header-display":"","ast-hfb-mobile-header-display":"","site-post-title":"","ast-breadcrumbs-content":"","ast-featured-img":"","footer-sml-layout":"","theme-transparent-header-meta":"default","adv-header-id-meta":"","stick-header-meta":"","header-above-stick-meta":"","header-main-stick-meta":"","header-below-stick-meta":"","astra-migrate-meta-layouts":"default","ast-page-background-enabled":"default","ast-page-background-meta":{"desktop":{"background-color":"var(--ast-global-color-4)","background-image":"","background-repeat":"repeat","background-position":"center center","background-size":"auto","background-attachment":"scroll","background-type":"","background-media":"","overlay-type":"","overlay-color":"","overlay-opacity":"","overlay-gradient":""},"tablet":{"background-color":"","background-image":"","background-repeat":"repeat","background-position":"center center","background-size":"auto","background-attachment":"scroll","background-type":"","background-media":"","overlay-type":"","overlay-color":"","overlay-opacity":"","overlay-gradient":""},"mobile":{"background-color":"","background-image":"","background-repeat":"repeat","background-position":"center center","background-size":"auto","background-attachment":"scroll","background-type":"","background-media":"","overlay-type":"","overlay-color":"","overlay-opacity":"","overlay-gradient":""}},"ast-content-background-meta":{"desktop":{"background-color":"var(--ast-global-color-5)","background-image":"","background-repeat":"repeat","background-position":"center center","background-size":"auto","background-attachment":"scroll","background-type":"","background-media":"","overlay-type":"","overlay-color":"","overlay-opacity":"","overlay-gradient":""},"tablet":{"background-color":"var(--ast-global-color-5)","background-image":"","background-repeat":"repeat","background-position":"center center","background-size":"auto","background-attachment":"scroll","background-type":"","background-media":"","overlay-type":"","overlay-color":"","overlay-opacity":"","overlay-gradient":""},"mobile":{"background-color":"var(--ast-global-color-5)","background-image":"","background-repeat":"repeat","background-position":"center center","background-size":"auto","background-attachment":"scroll","background-type":"","background-media":"","overlay-type":"","overlay-color":"","overlay-opacity":"","overlay-gradient":""}}},"product_cat":[16],"product_tag":[],"class_list":{"0":"post-9057","1":"product","2":"type-product","3":"status-publish","4":"has-post-thumbnail","6":"product_cat-kursy-online","7":"pmpro-has-access","8":"desktop-align-left","9":"tablet-align-left","10":"mobile-align-left","12":"first","13":"instock","14":"downloadable","15":"virtual","16":"sold-individually","17":"purchasable","18":"product-type-simple"},"yoast_head":"<!-- This site is optimized with the Yoast SEO plugin v23.4 - https:\/\/yoast.com\/wordpress\/plugins\/seo\/ -->\n<title>21 Dni Inspiracji - Wirtualna Dojrzewalnia<\/title>\n<meta name=\"description\" content=\"Zapraszam z rado\u015bci\u0105 do udzia\u0142u w kursie 21 Dni Inspiracji, podczas kt\u00f3rego dowiesz si\u0119, jak uczyni\u0107 swoje \u017cycie pe\u0142nym cud\u00f3w, ol\u015bnie\u0144 i pozytywnych zmian.\u00a0\" \/>\n<meta name=\"robots\" content=\"index, follow, max-snippet:-1, max-image-preview:large, max-video-preview:-1\" \/>\n<link rel=\"canonical\" href=\"https:\/\/www.dojrzewalnia.pl\/wirtualna-dojrzewalnia\/produkt\/21-dni-inspiracji\/\" \/>\n<meta property=\"og:locale\" content=\"pl_PL\" \/>\n<meta property=\"og:type\" content=\"article\" \/>\n<meta property=\"og:title\" content=\"21 Dni Inspiracji - Wirtualna Dojrzewalnia\" \/>\n<meta property=\"og:description\" content=\"Zapraszam z rado\u015bci\u0105 do udzia\u0142u w kursie 21 Dni Inspiracji, podczas kt\u00f3rego dowiesz si\u0119, jak uczyni\u0107 swoje \u017cycie pe\u0142nym cud\u00f3w, ol\u015bnie\u0144 i pozytywnych zmian.\u00a0\" \/>\n<meta property=\"og:url\" content=\"https:\/\/www.dojrzewalnia.pl\/wirtualna-dojrzewalnia\/produkt\/21-dni-inspiracji\/\" \/>\n<meta property=\"og:site_name\" content=\"Wirtualna Dojrzewalnia\" \/>\n<meta property=\"article:publisher\" content=\"https:\/\/www.facebook.com\/dojrzewalniapl-126646214077996\/\" \/>\n<meta property=\"article:modified_time\" content=\"2025-06-30T18:38:37+00:00\" \/>\n<meta property=\"og:image\" content=\"https:\/\/www.dojrzewalnia.pl\/wirtualna-dojrzewalnia\/wp-content\/uploads\/2020\/06\/21-Dni-Inspiracji-Wirtualna-Dojrzewalnia-Ewa-Panufnik-Sklep.png\" \/>\n\t<meta property=\"og:image:width\" content=\"1080\" \/>\n\t<meta property=\"og:image:height\" content=\"1080\" \/>\n\t<meta property=\"og:image:type\" content=\"image\/png\" \/>\n<meta name=\"twitter:card\" content=\"summary_large_image\" \/>\n<meta name=\"twitter:label1\" content=\"Szacowany czas czytania\" \/>\n\t<meta name=\"twitter:data1\" content=\"2 minuty\" \/>\n<script type=\"application\/ld+json\" class=\"yoast-schema-graph\">{\"@context\":\"https:\/\/schema.org\",\"@graph\":[{\"@type\":\"WebPage\",\"@id\":\"https:\/\/www.dojrzewalnia.pl\/wirtualna-dojrzewalnia\/produkt\/21-dni-inspiracji\/\",\"url\":\"https:\/\/www.dojrzewalnia.pl\/wirtualna-dojrzewalnia\/produkt\/21-dni-inspiracji\/\",\"name\":\"21 Dni Inspiracji - Wirtualna Dojrzewalnia\",\"isPartOf\":{\"@id\":\"https:\/\/www.dojrzewalnia.pl\/wirtualna-dojrzewalnia\/#website\"},\"primaryImageOfPage\":{\"@id\":\"https:\/\/www.dojrzewalnia.pl\/wirtualna-dojrzewalnia\/produkt\/21-dni-inspiracji\/#primaryimage\"},\"image\":{\"@id\":\"https:\/\/www.dojrzewalnia.pl\/wirtualna-dojrzewalnia\/produkt\/21-dni-inspiracji\/#primaryimage\"},\"thumbnailUrl\":\"https:\/\/www.dojrzewalnia.pl\/wirtualna-dojrzewalnia\/wp-content\/uploads\/2020\/06\/21-Dni-Inspiracji-Wirtualna-Dojrzewalnia-Ewa-Panufnik-Sklep.png\",\"datePublished\":\"2020-06-26T20:12:03+00:00\",\"dateModified\":\"2025-06-30T18:38:37+00:00\",\"description\":\"Zapraszam z rado\u015bci\u0105 do udzia\u0142u w kursie 21 Dni Inspiracji, podczas kt\u00f3rego dowiesz si\u0119, jak uczyni\u0107 swoje \u017cycie pe\u0142nym cud\u00f3w, ol\u015bnie\u0144 i pozytywnych zmian.\u00a0\",\"breadcrumb\":{\"@id\":\"https:\/\/www.dojrzewalnia.pl\/wirtualna-dojrzewalnia\/produkt\/21-dni-inspiracji\/#breadcrumb\"},\"inLanguage\":\"pl-PL\",\"potentialAction\":[{\"@type\":\"ReadAction\",\"target\":[\"https:\/\/www.dojrzewalnia.pl\/wirtualna-dojrzewalnia\/produkt\/21-dni-inspiracji\/\"]}]},{\"@type\":\"ImageObject\",\"inLanguage\":\"pl-PL\",\"@id\":\"https:\/\/www.dojrzewalnia.pl\/wirtualna-dojrzewalnia\/produkt\/21-dni-inspiracji\/#primaryimage\",\"url\":\"https:\/\/www.dojrzewalnia.pl\/wirtualna-dojrzewalnia\/wp-content\/uploads\/2020\/06\/21-Dni-Inspiracji-Wirtualna-Dojrzewalnia-Ewa-Panufnik-Sklep.png\",\"contentUrl\":\"https:\/\/www.dojrzewalnia.pl\/wirtualna-dojrzewalnia\/wp-content\/uploads\/2020\/06\/21-Dni-Inspiracji-Wirtualna-Dojrzewalnia-Ewa-Panufnik-Sklep.png\",\"width\":1080,\"height\":1080,\"caption\":\"21 Dni Inspiracji Ewa Panufnik Wirtualna Dojrzewalnia\"},{\"@type\":\"BreadcrumbList\",\"@id\":\"https:\/\/www.dojrzewalnia.pl\/wirtualna-dojrzewalnia\/produkt\/21-dni-inspiracji\/#breadcrumb\",\"itemListElement\":[{\"@type\":\"ListItem\",\"position\":1,\"name\":\"Strona g\u0142\u00f3wna\",\"item\":\"https:\/\/www.dojrzewalnia.pl\/wirtualna-dojrzewalnia\/\"},{\"@type\":\"ListItem\",\"position\":2,\"name\":\"Sklep\",\"item\":\"https:\/\/www.dojrzewalnia.pl\/wirtualna-dojrzewalnia\/sklep\/\"},{\"@type\":\"ListItem\",\"position\":3,\"name\":\"21 Dni Inspiracji\"}]},{\"@type\":\"WebSite\",\"@id\":\"https:\/\/www.dojrzewalnia.pl\/wirtualna-dojrzewalnia\/#website\",\"url\":\"https:\/\/www.dojrzewalnia.pl\/wirtualna-dojrzewalnia\/\",\"name\":\"Wirtualna Dojrzewalnia\",\"description\":\"Platforma kurs&oacute;w online Dojrzewalni\",\"publisher\":{\"@id\":\"https:\/\/www.dojrzewalnia.pl\/wirtualna-dojrzewalnia\/#organization\"},\"potentialAction\":[{\"@type\":\"SearchAction\",\"target\":{\"@type\":\"EntryPoint\",\"urlTemplate\":\"https:\/\/www.dojrzewalnia.pl\/wirtualna-dojrzewalnia\/?s={search_term_string}\"},\"query-input\":{\"@type\":\"PropertyValueSpecification\",\"valueRequired\":true,\"valueName\":\"search_term_string\"}}],\"inLanguage\":\"pl-PL\"},{\"@type\":\"Organization\",\"@id\":\"https:\/\/www.dojrzewalnia.pl\/wirtualna-dojrzewalnia\/#organization\",\"name\":\"Dojrzewalnia Ewa Panufnik\",\"url\":\"https:\/\/www.dojrzewalnia.pl\/wirtualna-dojrzewalnia\/\",\"logo\":{\"@type\":\"ImageObject\",\"inLanguage\":\"pl-PL\",\"@id\":\"https:\/\/www.dojrzewalnia.pl\/wirtualna-dojrzewalnia\/#\/schema\/logo\/image\/\",\"url\":\"https:\/\/www.dojrzewalnia.pl\/wirtualna-dojrzewalnia\/wp-content\/uploads\/2018\/11\/Dojrzewalnia-logo-2.png\",\"contentUrl\":\"https:\/\/www.dojrzewalnia.pl\/wirtualna-dojrzewalnia\/wp-content\/uploads\/2018\/11\/Dojrzewalnia-logo-2.png\",\"width\":500,\"height\":189,\"caption\":\"Dojrzewalnia Ewa Panufnik\"},\"image\":{\"@id\":\"https:\/\/www.dojrzewalnia.pl\/wirtualna-dojrzewalnia\/#\/schema\/logo\/image\/\"},\"sameAs\":[\"https:\/\/www.facebook.com\/dojrzewalniapl-126646214077996\/\"]}]}<\/script>\n<!-- \/ Yoast SEO plugin. -->","yoast_head_json":{"title":"21 Dni Inspiracji - Wirtualna Dojrzewalnia","description":"Zapraszam z rado\u015bci\u0105 do udzia\u0142u w kursie 21 Dni Inspiracji, podczas kt\u00f3rego dowiesz si\u0119, jak uczyni\u0107 swoje \u017cycie pe\u0142nym cud\u00f3w, ol\u015bnie\u0144 i pozytywnych zmian.\u00a0","robots":{"index":"index","follow":"follow","max-snippet":"max-snippet:-1","max-image-preview":"max-image-preview:large","max-video-preview":"max-video-preview:-1"},"canonical":"https:\/\/www.dojrzewalnia.pl\/wirtualna-dojrzewalnia\/produkt\/21-dni-inspiracji\/","og_locale":"pl_PL","og_type":"article","og_title":"21 Dni Inspiracji - Wirtualna Dojrzewalnia","og_description":"Zapraszam z rado\u015bci\u0105 do udzia\u0142u w kursie 21 Dni Inspiracji, podczas kt\u00f3rego dowiesz si\u0119, jak uczyni\u0107 swoje \u017cycie pe\u0142nym cud\u00f3w, ol\u015bnie\u0144 i pozytywnych zmian.\u00a0","og_url":"https:\/\/www.dojrzewalnia.pl\/wirtualna-dojrzewalnia\/produkt\/21-dni-inspiracji\/","og_site_name":"Wirtualna Dojrzewalnia","article_publisher":"https:\/\/www.facebook.com\/dojrzewalniapl-126646214077996\/","article_modified_time":"2025-06-30T18:38:37+00:00","og_image":[{"width":1080,"height":1080,"url":"https:\/\/www.dojrzewalnia.pl\/wirtualna-dojrzewalnia\/wp-content\/uploads\/2020\/06\/21-Dni-Inspiracji-Wirtualna-Dojrzewalnia-Ewa-Panufnik-Sklep.png","type":"image\/png"}],"twitter_card":"summary_large_image","twitter_misc":{"Szacowany czas czytania":"2 minuty"},"schema":{"@context":"https:\/\/schema.org","@graph":[{"@type":"WebPage","@id":"https:\/\/www.dojrzewalnia.pl\/wirtualna-dojrzewalnia\/produkt\/21-dni-inspiracji\/","url":"https:\/\/www.dojrzewalnia.pl\/wirtualna-dojrzewalnia\/produkt\/21-dni-inspiracji\/","name":"21 Dni Inspiracji - Wirtualna Dojrzewalnia","isPartOf":{"@id":"https:\/\/www.dojrzewalnia.pl\/wirtualna-dojrzewalnia\/#website"},"primaryImageOfPage":{"@id":"https:\/\/www.dojrzewalnia.pl\/wirtualna-dojrzewalnia\/produkt\/21-dni-inspiracji\/#primaryimage"},"image":{"@id":"https:\/\/www.dojrzewalnia.pl\/wirtualna-dojrzewalnia\/produkt\/21-dni-inspiracji\/#primaryimage"},"thumbnailUrl":"https:\/\/www.dojrzewalnia.pl\/wirtualna-dojrzewalnia\/wp-content\/uploads\/2020\/06\/21-Dni-Inspiracji-Wirtualna-Dojrzewalnia-Ewa-Panufnik-Sklep.png","datePublished":"2020-06-26T20:12:03+00:00","dateModified":"2025-06-30T18:38:37+00:00","description":"Zapraszam z rado\u015bci\u0105 do udzia\u0142u w kursie 21 Dni Inspiracji, podczas kt\u00f3rego dowiesz si\u0119, jak uczyni\u0107 swoje \u017cycie pe\u0142nym cud\u00f3w, ol\u015bnie\u0144 i pozytywnych zmian.\u00a0","breadcrumb":{"@id":"https:\/\/www.dojrzewalnia.pl\/wirtualna-dojrzewalnia\/produkt\/21-dni-inspiracji\/#breadcrumb"},"inLanguage":"pl-PL","potentialAction":[{"@type":"ReadAction","target":["https:\/\/www.dojrzewalnia.pl\/wirtualna-dojrzewalnia\/produkt\/21-dni-inspiracji\/"]}]},{"@type":"ImageObject","inLanguage":"pl-PL","@id":"https:\/\/www.dojrzewalnia.pl\/wirtualna-dojrzewalnia\/produkt\/21-dni-inspiracji\/#primaryimage","url":"https:\/\/www.dojrzewalnia.pl\/wirtualna-dojrzewalnia\/wp-content\/uploads\/2020\/06\/21-Dni-Inspiracji-Wirtualna-Dojrzewalnia-Ewa-Panufnik-Sklep.png","contentUrl":"https:\/\/www.dojrzewalnia.pl\/wirtualna-dojrzewalnia\/wp-content\/uploads\/2020\/06\/21-Dni-Inspiracji-Wirtualna-Dojrzewalnia-Ewa-Panufnik-Sklep.png","width":1080,"height":1080,"caption":"21 Dni Inspiracji Ewa Panufnik Wirtualna Dojrzewalnia"},{"@type":"BreadcrumbList","@id":"https:\/\/www.dojrzewalnia.pl\/wirtualna-dojrzewalnia\/produkt\/21-dni-inspiracji\/#breadcrumb","itemListElement":[{"@type":"ListItem","position":1,"name":"Strona g\u0142\u00f3wna","item":"https:\/\/www.dojrzewalnia.pl\/wirtualna-dojrzewalnia\/"},{"@type":"ListItem","position":2,"name":"Sklep","item":"https:\/\/www.dojrzewalnia.pl\/wirtualna-dojrzewalnia\/sklep\/"},{"@type":"ListItem","position":3,"name":"21 Dni Inspiracji"}]},{"@type":"WebSite","@id":"https:\/\/www.dojrzewalnia.pl\/wirtualna-dojrzewalnia\/#website","url":"https:\/\/www.dojrzewalnia.pl\/wirtualna-dojrzewalnia\/","name":"Wirtualna Dojrzewalnia","description":"Platforma kurs&oacute;w online Dojrzewalni","publisher":{"@id":"https:\/\/www.dojrzewalnia.pl\/wirtualna-dojrzewalnia\/#organization"},"potentialAction":[{"@type":"SearchAction","target":{"@type":"EntryPoint","urlTemplate":"https:\/\/www.dojrzewalnia.pl\/wirtualna-dojrzewalnia\/?s={search_term_string}"},"query-input":{"@type":"PropertyValueSpecification","valueRequired":true,"valueName":"search_term_string"}}],"inLanguage":"pl-PL"},{"@type":"Organization","@id":"https:\/\/www.dojrzewalnia.pl\/wirtualna-dojrzewalnia\/#organization","name":"Dojrzewalnia Ewa Panufnik","url":"https:\/\/www.dojrzewalnia.pl\/wirtualna-dojrzewalnia\/","logo":{"@type":"ImageObject","inLanguage":"pl-PL","@id":"https:\/\/www.dojrzewalnia.pl\/wirtualna-dojrzewalnia\/#\/schema\/logo\/image\/","url":"https:\/\/www.dojrzewalnia.pl\/wirtualna-dojrzewalnia\/wp-content\/uploads\/2018\/11\/Dojrzewalnia-logo-2.png","contentUrl":"https:\/\/www.dojrzewalnia.pl\/wirtualna-dojrzewalnia\/wp-content\/uploads\/2018\/11\/Dojrzewalnia-logo-2.png","width":500,"height":189,"caption":"Dojrzewalnia Ewa Panufnik"},"image":{"@id":"https:\/\/www.dojrzewalnia.pl\/wirtualna-dojrzewalnia\/#\/schema\/logo\/image\/"},"sameAs":["https:\/\/www.facebook.com\/dojrzewalniapl-126646214077996\/"]}]}},"_links":{"self":[{"href":"https:\/\/www.dojrzewalnia.pl\/wirtualna-dojrzewalnia\/wp-json\/wp\/v2\/product\/9057"}],"collection":[{"href":"https:\/\/www.dojrzewalnia.pl\/wirtualna-dojrzewalnia\/wp-json\/wp\/v2\/product"}],"about":[{"href":"https:\/\/www.dojrzewalnia.pl\/wirtualna-dojrzewalnia\/wp-json\/wp\/v2\/types\/product"}],"replies":[{"embeddable":true,"href":"https:\/\/www.dojrzewalnia.pl\/wirtualna-dojrzewalnia\/wp-json\/wp\/v2\/comments?post=9057"}],"version-history":[{"count":5,"href":"https:\/\/www.dojrzewalnia.pl\/wirtualna-dojrzewalnia\/wp-json\/wp\/v2\/product\/9057\/revisions"}],"predecessor-version":[{"id":10999,"href":"https:\/\/www.dojrzewalnia.pl\/wirtualna-dojrzewalnia\/wp-json\/wp\/v2\/product\/9057\/revisions\/10999"}],"wp:featuredmedia":[{"embeddable":true,"href":"https:\/\/www.dojrzewalnia.pl\/wirtualna-dojrzewalnia\/wp-json\/wp\/v2\/media\/9058"}],"wp:attachment":[{"href":"https:\/\/www.dojrzewalnia.pl\/wirtualna-dojrzewalnia\/wp-json\/wp\/v2\/media?parent=9057"}],"wp:term":[{"taxonomy":"product_cat","embeddable":true,"href":"https:\/\/www.dojrzewalnia.pl\/wirtualna-dojrzewalnia\/wp-json\/wp\/v2\/product_cat?post=9057"},{"taxonomy":"product_tag","embeddable":true,"href":"https:\/\/www.dojrzewalnia.pl\/wirtualna-dojrzewalnia\/wp-json\/wp\/v2\/product_tag?post=9057"}],"curies":[{"name":"wp","href":"https:\/\/api.w.org\/{rel}","templated":true}]}}